{"id":719,"date":"2024-03-03T18:47:50","date_gmt":"2024-03-03T17:47:50","guid":{"rendered":"https:\/\/coopdera.org\/?page_id=719"},"modified":"2026-04-02T14:06:52","modified_gmt":"2026-04-02T12:06:52","slug":"valors","status":"publish","type":"page","link":"https:\/\/coopdera.org\/cast\/valors\/","title":{"rendered":"VALORES"},"content":{"rendered":"<div data-elementor-type=\"wp-page\" data-elementor-id=\"719\" class=\"elementor elementor-719\" data-elementor-post-type=\"page\">\n\t\t\t\t<div class=\"elementor-element elementor-element-456df94 e-flex e-con-boxed e-con e-parent\" data-id=\"456df94\" data-element_type=\"container\">\n\t\t\t\t\t<div class=\"e-con-inner\">\n\t\t\t\t<div class=\"elementor-element elementor-element-e0ebe28 elementor-widget__width-initial elementor-widget elementor-widget-heading\" data-id=\"e0ebe28\" data-element_type=\"widget\" data-widget_type=\"heading.default\">\n\t\t\t\t<div class=\"elementor-widget-container\">\n\t\t\t\t\t<h2 class=\"elementor-heading-title elementor-size-default\">Actuamos con todos los<\/h2>\t\t\t\t<\/div>\n\t\t\t\t<\/div>\n\t\t\t\t<div class=\"elementor-element elementor-element-35c8b29 elementor-widget__width-initial elementor-widget elementor-widget-heading\" data-id=\"35c8b29\" data-element_type=\"widget\" data-widget_type=\"heading.default\">\n\t\t\t\t<div class=\"elementor-widget-container\">\n\t\t\t\t\t<h2 class=\"elementor-heading-title elementor-size-default\">Sentidos<\/h2>\t\t\t\t<\/div>\n\t\t\t\t<\/div>\n\t\t\t\t\t<\/div>\n\t\t\t\t<\/div>\n\t\t<div class=\"elementor-element elementor-element-7927452 e-flex e-con-boxed e-con e-parent\" data-id=\"7927452\" data-element_type=\"container\">\n\t\t\t\t\t<div class=\"e-con-inner\">\n\t\t\t\t<div class=\"elementor-element elementor-element-aeb2dbd elementor-widget__width-initial elementor-widget elementor-widget-heading\" data-id=\"aeb2dbd\" data-element_type=\"widget\" data-widget_type=\"heading.default\">\n\t\t\t\t<div class=\"elementor-widget-container\">\n\t\t\t\t\t<h2 class=\"elementor-heading-title elementor-size-default\">LA sociedad rural<\/h2>\t\t\t\t<\/div>\n\t\t\t\t<\/div>\n\t\t\t\t<div class=\"elementor-element elementor-element-f07a464 elementor-widget__width-initial animated-slow elementor-invisible elementor-widget elementor-widget-heading\" data-id=\"f07a464\" data-element_type=\"widget\" data-settings=\"{&quot;_animation&quot;:&quot;fadeInLeft&quot;,&quot;_animation_mobile&quot;:&quot;none&quot;}\" data-widget_type=\"heading.default\">\n\t\t\t\t<div class=\"elementor-widget-container\">\n\t\t\t\t\t<h2 class=\"elementor-heading-title elementor-size-default\">Escuchando<\/h2>\t\t\t\t<\/div>\n\t\t\t\t<\/div>\n\t\t\t\t\t<\/div>\n\t\t\t\t<\/div>\n\t\t<div class=\"elementor-element elementor-element-4477607 e-flex e-con-boxed e-con e-parent\" data-id=\"4477607\" data-element_type=\"container\">\n\t\t\t\t\t<div class=\"e-con-inner\">\n\t\t<div class=\"elementor-element elementor-element-9ef9fdb e-flex e-con-boxed e-con e-child\" data-id=\"9ef9fdb\" data-element_type=\"container\">\n\t\t\t\t\t<div class=\"e-con-inner\">\n\t\t<div class=\"elementor-element elementor-element-c0a5514 e-flex e-con-boxed e-con e-child\" data-id=\"c0a5514\" data-element_type=\"container\">\n\t\t\t\t\t<div class=\"e-con-inner\">\n\t\t\t\t<div class=\"elementor-element elementor-element-4fd4aff elementor-widget elementor-widget-heading\" data-id=\"4fd4aff\" data-element_type=\"widget\" data-widget_type=\"heading.default\">\n\t\t\t\t<div class=\"elementor-widget-container\">\n\t\t\t\t\t<h2 class=\"elementor-heading-title elementor-size-default\">Poblaci\u00f3n dispersa y frecuentemente con dificultades para acceder a los servicios m\u00e1s b\u00e1sicos.<\/h2>\t\t\t\t<\/div>\n\t\t\t\t<\/div>\n\t\t\t\t<div class=\"elementor-element elementor-element-0153391 elementor-widget elementor-widget-text-editor\" data-id=\"0153391\" data-element_type=\"widget\" data-widget_type=\"text-editor.default\">\n\t\t\t\t<div class=\"elementor-widget-container\">\n\t\t\t\t\t\t\t\t\t<p>Trabajamos haciendo <span style=\"color: #bd3826;\">red<\/span> con los colectivos existentes en el territorio y aprendemos de las <span style=\"color: #bd3826;\">necesidades y carencias cotidianas<\/span>, con voluntad de mejorar la <span style=\"color: #bd3826;\">calidad de vida<\/span> de las personas.<\/p>\t\t\t\t\t\t\t\t<\/div>\n\t\t\t\t<\/div>\n\t\t\t\t\t<\/div>\n\t\t\t\t<\/div>\n\t\t<div class=\"elementor-element elementor-element-41c8028 e-flex e-con-boxed e-con e-child\" data-id=\"41c8028\" data-element_type=\"container\">\n\t\t\t\t\t<div class=\"e-con-inner\">\n\t\t\t\t<div class=\"elementor-element elementor-element-9e5888b elementor-widget elementor-widget-heading\" data-id=\"9e5888b\" data-element_type=\"widget\" data-widget_type=\"heading.default\">\n\t\t\t\t<div class=\"elementor-widget-container\">\n\t\t\t\t\t<h2 class=\"elementor-heading-title elementor-size-default\">Pueblos de contraventanas cerradas y calles vac\u00edas. Pueblos de 15 d\u00edas al a\u00f1o. Condiciones socioecon\u00f3micas que dificultan el arraigo poblacional y propicien el \u00e9xodo juvenil.<\/h2>\t\t\t\t<\/div>\n\t\t\t\t<\/div>\n\t\t\t\t<div class=\"elementor-element elementor-element-4d3e447 elementor-widget elementor-widget-text-editor\" data-id=\"4d3e447\" data-element_type=\"widget\" data-widget_type=\"text-editor.default\">\n\t\t\t\t<div class=\"elementor-widget-container\">\n\t\t\t\t\t\t\t\t\t<p>Impulsamos <span style=\"color: #bd3826;\">alternativas de tenencia<\/span> y <span style=\"color: #bd3826;\">acceso a la vivienda<\/span> como son la masover\u00eda, la cesi\u00f3n de uso o las cooperativas de vivienda.<\/p>\t\t\t\t\t\t\t\t<\/div>\n\t\t\t\t<\/div>\n\t\t\t\t\t<\/div>\n\t\t\t\t<\/div>\n\t\t\t\t\t<\/div>\n\t\t\t\t<\/div>\n\t\t\t\t\t<\/div>\n\t\t\t\t<\/div>\n\t\t<div class=\"elementor-element elementor-element-eeee6a6 e-flex e-con-boxed e-con e-parent\" data-id=\"eeee6a6\" data-element_type=\"container\">\n\t\t\t\t\t<div class=\"e-con-inner\">\n\t\t\t\t<div class=\"elementor-element elementor-element-69e80ea elementor-widget__width-initial elementor-widget elementor-widget-heading\" data-id=\"69e80ea\" data-element_type=\"widget\" data-widget_type=\"heading.default\">\n\t\t\t\t<div class=\"elementor-widget-container\">\n\t\t\t\t\t<h2 class=\"elementor-heading-title elementor-size-default\">a trav\u00e9s de la memoria<\/h2>\t\t\t\t<\/div>\n\t\t\t\t<\/div>\n\t\t\t\t<div class=\"elementor-element elementor-element-e10bcac elementor-widget__width-initial animated-slow elementor-widget-tablet__width-initial elementor-invisible elementor-widget elementor-widget-heading\" data-id=\"e10bcac\" data-element_type=\"widget\" data-settings=\"{&quot;_animation&quot;:&quot;fadeInRight&quot;,&quot;_animation_delay&quot;:500,&quot;_animation_mobile&quot;:&quot;none&quot;}\" data-widget_type=\"heading.default\">\n\t\t\t\t<div class=\"elementor-widget-container\">\n\t\t\t\t\t<h2 class=\"elementor-heading-title elementor-size-default\">Mirando<\/h2>\t\t\t\t<\/div>\n\t\t\t\t<\/div>\n\t\t\t\t\t<\/div>\n\t\t\t\t<\/div>\n\t\t<div class=\"elementor-element elementor-element-36990a7 e-flex e-con-boxed e-con e-parent\" data-id=\"36990a7\" data-element_type=\"container\">\n\t\t\t\t\t<div class=\"e-con-inner\">\n\t\t<div class=\"elementor-element elementor-element-d5294d1 e-flex e-con-boxed e-con e-child\" data-id=\"d5294d1\" data-element_type=\"container\">\n\t\t\t\t\t<div class=\"e-con-inner\">\n\t\t<div class=\"elementor-element elementor-element-37818b1 e-flex e-con-boxed e-con e-child\" data-id=\"37818b1\" data-element_type=\"container\">\n\t\t\t\t\t<div class=\"e-con-inner\">\n\t\t\t\t<div class=\"elementor-element elementor-element-c70e204 elementor-widget elementor-widget-heading\" data-id=\"c70e204\" data-element_type=\"widget\" data-widget_type=\"heading.default\">\n\t\t\t\t<div class=\"elementor-widget-container\">\n\t\t\t\t\t<h2 class=\"elementor-heading-title elementor-size-default\">Sociedad plenamente inmersa en un contexto de creciente p\u00e9rdida de soberan\u00edas.<\/h2>\t\t\t\t<\/div>\n\t\t\t\t<\/div>\n\t\t\t\t<div class=\"elementor-element elementor-element-6ccea33 elementor-widget elementor-widget-text-editor\" data-id=\"6ccea33\" data-element_type=\"widget\" data-widget_type=\"text-editor.default\">\n\t\t\t\t<div class=\"elementor-widget-container\">\n\t\t\t\t\t\t\t\t\t<p>Creemos en la <span style=\"color: #bd3826;\">capacitaci\u00f3n<\/span> y <span style=\"color: #bd3826;\">autonom\u00eda<\/span> de la poblaci\u00f3n, impulsamos <span style=\"color: #bd3826;\">la autoorganizaci\u00f3n<\/span> y la adquisici\u00f3n de habilidades que hagan de <span style=\"color: #bd3826;\">la autoconstrucci\u00f3n<\/span> una alternativa viable, construyendo modelos de <span style=\"color: #bd3826;\">conocimiento<\/span> y <span style=\"color: #bd3826;\">cultura libres<\/span>.<\/p>\t\t\t\t\t\t\t\t<\/div>\n\t\t\t\t<\/div>\n\t\t\t\t\t<\/div>\n\t\t\t\t<\/div>\n\t\t<div class=\"elementor-element elementor-element-4a7a47c e-flex e-con-boxed e-con e-child\" data-id=\"4a7a47c\" data-element_type=\"container\">\n\t\t\t\t\t<div class=\"e-con-inner\">\n\t\t\t\t<div class=\"elementor-element elementor-element-485472d elementor-widget elementor-widget-heading\" data-id=\"485472d\" data-element_type=\"widget\" data-widget_type=\"heading.default\">\n\t\t\t\t<div class=\"elementor-widget-container\">\n\t\t\t\t\t<h2 class=\"elementor-heading-title elementor-size-default\">Pueblos llenos de legado material abandonado y gente cargada de conocimiento ignorado.<\/h2>\t\t\t\t<\/div>\n\t\t\t\t<\/div>\n\t\t\t\t<div class=\"elementor-element elementor-element-47d0688 elementor-widget elementor-widget-text-editor\" data-id=\"47d0688\" data-element_type=\"widget\" data-widget_type=\"text-editor.default\">\n\t\t\t\t<div class=\"elementor-widget-container\">\n\t\t\t\t\t\t\t\t\t<p>Ponemos en valor las <span style=\"color: #bd3826;\">preexistencias<\/span> y la memoria hist\u00f3rica local, recuperando el <span style=\"color: #bd3826;\">conocimiento popular<\/span> para proyectar hacia un futuro m\u00e1s integrador que tenga en cuenta la <span style=\"color: #bd3826;\">identidad local<\/span>.<\/p>\t\t\t\t\t\t\t\t<\/div>\n\t\t\t\t<\/div>\n\t\t\t\t\t<\/div>\n\t\t\t\t<\/div>\n\t\t\t\t\t<\/div>\n\t\t\t\t<\/div>\n\t\t\t\t\t<\/div>\n\t\t\t\t<\/div>\n\t\t<div class=\"elementor-element elementor-element-80c6dce e-flex e-con-boxed e-con e-parent\" data-id=\"80c6dce\" data-element_type=\"container\">\n\t\t\t\t\t<div class=\"e-con-inner\">\n\t\t\t\t<div class=\"elementor-element elementor-element-24ee5aa elementor-widget__width-initial elementor-widget elementor-widget-heading\" data-id=\"24ee5aa\" data-element_type=\"widget\" data-widget_type=\"heading.default\">\n\t\t\t\t<div class=\"elementor-widget-container\">\n\t\t\t\t\t<h2 class=\"elementor-heading-title elementor-size-default\">del presente<\/h2>\t\t\t\t<\/div>\n\t\t\t\t<\/div>\n\t\t\t\t<div class=\"elementor-element elementor-element-83168a4 elementor-widget__width-initial animated-slow elementor-invisible elementor-widget elementor-widget-heading\" data-id=\"83168a4\" data-element_type=\"widget\" data-settings=\"{&quot;_animation&quot;:&quot;fadeInLeft&quot;,&quot;_animation_delay&quot;:750,&quot;_animation_mobile&quot;:&quot;none&quot;}\" data-widget_type=\"heading.default\">\n\t\t\t\t<div class=\"elementor-widget-container\">\n\t\t\t\t\t<h2 class=\"elementor-heading-title elementor-size-default\">hablando<\/h2>\t\t\t\t<\/div>\n\t\t\t\t<\/div>\n\t\t\t\t\t<\/div>\n\t\t\t\t<\/div>\n\t\t<div class=\"elementor-element elementor-element-0dd4cc7 e-flex e-con-boxed e-con e-parent\" data-id=\"0dd4cc7\" data-element_type=\"container\">\n\t\t\t\t\t<div class=\"e-con-inner\">\n\t\t<div class=\"elementor-element elementor-element-190bba0 e-flex e-con-boxed e-con e-child\" data-id=\"190bba0\" data-element_type=\"container\">\n\t\t\t\t\t<div class=\"e-con-inner\">\n\t\t<div class=\"elementor-element elementor-element-c6ca3d9 e-flex e-con-boxed e-con e-child\" data-id=\"c6ca3d9\" data-element_type=\"container\">\n\t\t\t\t\t<div class=\"e-con-inner\">\n\t\t\t\t<div class=\"elementor-element elementor-element-0f6ac5a elementor-widget elementor-widget-heading\" data-id=\"0f6ac5a\" data-element_type=\"widget\" data-widget_type=\"heading.default\">\n\t\t\t\t<div class=\"elementor-widget-container\">\n\t\t\t\t\t<h2 class=\"elementor-heading-title elementor-size-default\">Sistemas constructivos globalizados, desvinculados de los territorios y recursos naturales disponibles, que desestiman los oficios tradicionales.<\/h2>\t\t\t\t<\/div>\n\t\t\t\t<\/div>\n\t\t\t\t<div class=\"elementor-element elementor-element-9909cca elementor-widget elementor-widget-text-editor\" data-id=\"9909cca\" data-element_type=\"widget\" data-widget_type=\"text-editor.default\">\n\t\t\t\t<div class=\"elementor-widget-container\">\n\t\t\t\t\t\t\t\t\t<p>Trabajamos con <span style=\"color: #bd3826;\">materiales<\/span> y <span style=\"color: #bd3826;\">t\u00e9cnicas locales<\/span>, valoramos los <span style=\"color: #bd3826;\">oficios tradicionales<\/span> y proyectamos un equilibrio entre el<span style=\"color: #bd3826;\">arquitectura vern\u00e1cula<\/span> y las <span style=\"color: #bd3826;\">nuevas t\u00e9cnicas<\/span>.<\/p>\t\t\t\t\t\t\t\t<\/div>\n\t\t\t\t<\/div>\n\t\t\t\t\t<\/div>\n\t\t\t\t<\/div>\n\t\t<div class=\"elementor-element elementor-element-7c4ac3d e-flex e-con-boxed e-con e-child\" data-id=\"7c4ac3d\" data-element_type=\"container\">\n\t\t\t\t\t<div class=\"e-con-inner\">\n\t\t\t\t<div class=\"elementor-element elementor-element-8d9d86d elementor-widget elementor-widget-heading\" data-id=\"8d9d86d\" data-element_type=\"widget\" data-widget_type=\"heading.default\">\n\t\t\t\t<div class=\"elementor-widget-container\">\n\t\t\t\t\t<h2 class=\"elementor-heading-title elementor-size-default\">Un urbanismo al servicio del turismo que ignora el entorno en el que se implanta.<\/h2>\t\t\t\t<\/div>\n\t\t\t\t<\/div>\n\t\t\t\t<div class=\"elementor-element elementor-element-b47b448 elementor-widget elementor-widget-text-editor\" data-id=\"b47b448\" data-element_type=\"widget\" data-widget_type=\"text-editor.default\">\n\t\t\t\t<div class=\"elementor-widget-container\">\n\t\t\t\t\t\t\t\t\t<p>Creemos en una <span style=\"color: #bd3826;\">alternativa<\/span> al modelo urban\u00edstico actual, contemplando la convivencia entre la vida productiva y la reproductiva, protagonizando los intereses de los y las habitantes.<\/p>\t\t\t\t\t\t\t\t<\/div>\n\t\t\t\t<\/div>\n\t\t\t\t\t<\/div>\n\t\t\t\t<\/div>\n\t\t\t\t\t<\/div>\n\t\t\t\t<\/div>\n\t\t\t\t\t<\/div>\n\t\t\t\t<\/div>\n\t\t<div class=\"elementor-element elementor-element-fab03d1 e-flex e-con-boxed e-con e-parent\" data-id=\"fab03d1\" data-element_type=\"container\">\n\t\t\t\t\t<div class=\"e-con-inner\">\n\t\t\t\t<div class=\"elementor-element elementor-element-3f211ba elementor-widget__width-initial elementor-widget elementor-widget-heading\" data-id=\"3f211ba\" data-element_type=\"widget\" data-widget_type=\"heading.default\">\n\t\t\t\t<div class=\"elementor-widget-container\">\n\t\t\t\t\t<h2 class=\"elementor-heading-title elementor-size-default\">de pies en LA tierra<\/h2>\t\t\t\t<\/div>\n\t\t\t\t<\/div>\n\t\t\t\t<div class=\"elementor-element elementor-element-408b670 elementor-widget__width-initial animated-slow elementor-invisible elementor-widget elementor-widget-heading\" data-id=\"408b670\" data-element_type=\"widget\" data-settings=\"{&quot;_animation&quot;:&quot;fadeInRight&quot;,&quot;_animation_delay&quot;:1000,&quot;_animation_mobile&quot;:&quot;none&quot;}\" data-widget_type=\"heading.default\">\n\t\t\t\t<div class=\"elementor-widget-container\">\n\t\t\t\t\t<h2 class=\"elementor-heading-title elementor-size-default\">Tocando<\/h2>\t\t\t\t<\/div>\n\t\t\t\t<\/div>\n\t\t\t\t\t<\/div>\n\t\t\t\t<\/div>\n\t\t<div class=\"elementor-element elementor-element-ca9a232 e-flex e-con-boxed e-con e-parent\" data-id=\"ca9a232\" data-element_type=\"container\">\n\t\t\t\t\t<div class=\"e-con-inner\">\n\t\t<div class=\"elementor-element elementor-element-512a318 e-flex e-con-boxed e-con e-child\" data-id=\"512a318\" data-element_type=\"container\">\n\t\t\t\t\t<div class=\"e-con-inner\">\n\t\t<div class=\"elementor-element elementor-element-1ca0bc2 e-flex e-con-boxed e-con e-child\" data-id=\"1ca0bc2\" data-element_type=\"container\">\n\t\t\t\t\t<div class=\"e-con-inner\">\n\t\t\t\t<div class=\"elementor-element elementor-element-941ab5b elementor-widget elementor-widget-heading\" data-id=\"941ab5b\" data-element_type=\"widget\" data-widget_type=\"heading.default\">\n\t\t\t\t<div class=\"elementor-widget-container\">\n\t\t\t\t\t<h2 class=\"elementor-heading-title elementor-size-default\">Un modelo constructivo que arrasa con el planeta.<\/h2>\t\t\t\t<\/div>\n\t\t\t\t<\/div>\n\t\t\t\t<div class=\"elementor-element elementor-element-a0d3ac5 elementor-widget elementor-widget-text-editor\" data-id=\"a0d3ac5\" data-element_type=\"widget\" data-widget_type=\"text-editor.default\">\n\t\t\t\t<div class=\"elementor-widget-container\">\n\t\t\t\t\t\t\t\t\t<p>Apoyamos la <span style=\"color: #bd3826;\">bioconstrucci\u00f3n<\/span> como alternativa a la construcci\u00f3n convencional, y nos esforzamos por encontrar soluciones que respeten el planeta donde vivimos.<\/p>\t\t\t\t\t\t\t\t<\/div>\n\t\t\t\t<\/div>\n\t\t\t\t\t<\/div>\n\t\t\t\t<\/div>\n\t\t<div class=\"elementor-element elementor-element-7c1da29 e-flex e-con-boxed e-con e-child\" data-id=\"7c1da29\" data-element_type=\"container\">\n\t\t\t\t\t<div class=\"e-con-inner\">\n\t\t\t\t<div class=\"elementor-element elementor-element-c385fa3 elementor-widget elementor-widget-heading\" data-id=\"c385fa3\" data-element_type=\"widget\" data-widget_type=\"heading.default\">\n\t\t\t\t<div class=\"elementor-widget-container\">\n\t\t\t\t\t<h2 class=\"elementor-heading-title elementor-size-default\">El consumo inconsciente de los recursos energ\u00e9ticos<\/h2>\t\t\t\t<\/div>\n\t\t\t\t<\/div>\n\t\t\t\t<div class=\"elementor-element elementor-element-1291975 elementor-widget elementor-widget-text-editor\" data-id=\"1291975\" data-element_type=\"widget\" data-widget_type=\"text-editor.default\">\n\t\t\t\t<div class=\"elementor-widget-container\">\n\t\t\t\t\t\t\t\t\t<p>Reducimos la <span style=\"color: #bd3826;\">huella ecol\u00f3gica<\/span> de nuestros edificios y construimos <span style=\"color: #bd3826;\">casas eficientes<\/span> desde el dise\u00f1o, que requiere poca energ\u00eda y dinero para alcanzar los niveles de confort t\u00e9rmico.<\/p>\t\t\t\t\t\t\t\t<\/div>\n\t\t\t\t<\/div>\n\t\t\t\t\t<\/div>\n\t\t\t\t<\/div>\n\t\t\t\t\t<\/div>\n\t\t\t\t<\/div>\n\t\t\t\t\t<\/div>\n\t\t\t\t<\/div>\n\t\t\t\t<\/div>","protected":false},"excerpt":{"rendered":"<p>Actuamos con todos los Sentidos LA sociedad rural Escuchando a Poblaci\u00f3n dispersa ya menudo con dificultades para acceder a los servicios m\u00e1s b\u00e1sicos. Trabajamos haciendo red con los colectivos existentes en el territorio y aprendemos de las necesidades y carencias cotidianas, con la voluntad de mejorar la calidad de vida de las personas. Pueblos de contraventanas cerradas y calles [\u2026]<\/p>","protected":false},"author":2,"featured_media":0,"parent":0,"menu_order":0,"comment_status":"closed","ping_status":"closed","template":"elementor_header_footer","meta":{"footnotes":""},"class_list":["post-719","page","type-page","status-publish","hentry"],"_links":{"self":[{"href":"https:\/\/coopdera.org\/cast\/wp-json\/wp\/v2\/pages\/719","targetHints":{"allow":["GET"]}}],"collection":[{"href":"https:\/\/coopdera.org\/cast\/wp-json\/wp\/v2\/pages"}],"about":[{"href":"https:\/\/coopdera.org\/cast\/wp-json\/wp\/v2\/types\/page"}],"author":[{"embeddable":true,"href":"https:\/\/coopdera.org\/cast\/wp-json\/wp\/v2\/users\/2"}],"replies":[{"embeddable":true,"href":"https:\/\/coopdera.org\/cast\/wp-json\/wp\/v2\/comments?post=719"}],"version-history":[{"count":68,"href":"https:\/\/coopdera.org\/cast\/wp-json\/wp\/v2\/pages\/719\/revisions"}],"predecessor-version":[{"id":1868,"href":"https:\/\/coopdera.org\/cast\/wp-json\/wp\/v2\/pages\/719\/revisions\/1868"}],"wp:attachment":[{"href":"https:\/\/coopdera.org\/cast\/wp-json\/wp\/v2\/media?parent=719"}],"curies":[{"name":"wp","href":"https:\/\/api.w.org\/{rel}","templated":true}]}}