{"id":965,"date":"2024-03-11T23:27:31","date_gmt":"2024-03-11T22:27:31","guid":{"rendered":"https:\/\/coopdera.org\/?page_id=965"},"modified":"2026-04-02T14:49:47","modified_gmt":"2026-04-02T12:49:47","slug":"coopdera","status":"publish","type":"page","link":"https:\/\/coopdera.org\/cast\/","title":{"rendered":""},"content":{"rendered":"<div data-elementor-type=\"wp-page\" data-elementor-id=\"965\" class=\"elementor elementor-965\" data-elementor-post-type=\"page\">\n\t\t\t\t<div class=\"elementor-element elementor-element-0a8527e e-con-full e-flex e-con e-parent\" data-id=\"0a8527e\" data-element_type=\"container\">\n\t\t\t\t<div class=\"elementor-element elementor-element-ea471b5 elementor-widget__width-initial elementor-widget elementor-widget-heading\" data-id=\"ea471b5\" data-element_type=\"widget\" data-widget_type=\"heading.default\">\n\t\t\t\t<div class=\"elementor-widget-container\">\n\t\t\t\t\t<h2 class=\"elementor-heading-title elementor-size-default\">Arquitectura cooperativa, cercana Y ARRELADA EN EL PIRINEO<\/h2>\t\t\t\t<\/div>\n\t\t\t\t<\/div>\n\t\t\t\t<\/div>\n\t\t<div class=\"elementor-element elementor-element-ee3c842 e-flex e-con-boxed e-con e-parent\" data-id=\"ee3c842\" data-element_type=\"container\">\n\t\t\t\t\t<div class=\"e-con-inner\">\n\t\t\t\t<div class=\"elementor-element elementor-element-a4b1142 elementor-widget__width-initial elementor-widget elementor-widget-heading\" data-id=\"a4b1142\" data-element_type=\"widget\" data-widget_type=\"heading.default\">\n\t\t\t\t<div class=\"elementor-widget-container\">\n\t\t\t\t\t<h2 class=\"elementor-heading-title elementor-size-default\">Dise\u00f1amos y acompa\u00f1amos proyectos de vivienda, espacio p\u00fablico y arquitectura sostenible que dan respuesta a las necesidades del territorio.<\/h2>\t\t\t\t<\/div>\n\t\t\t\t<\/div>\n\t\t\t\t\t<\/div>\n\t\t\t\t<\/div>\n\t\t<div class=\"elementor-element elementor-element-b429c71 e-flex e-con-boxed e-con e-parent\" data-id=\"b429c71\" data-element_type=\"container\">\n\t\t\t\t\t<div class=\"e-con-inner\">\n\t\t\t\t<div class=\"elementor-element elementor-element-a5808ea elementor-widget__width-inherit custom-list-home elementor-widget elementor-widget-jet-listing-grid\" data-id=\"a5808ea\" data-element_type=\"widget\" data-settings=\"{&quot;columns&quot;:&quot;1&quot;,&quot;columns_tablet&quot;:&quot;1&quot;}\" data-widget_type=\"jet-listing-grid.default\">\n\t\t\t\t<div class=\"elementor-widget-container\">\n\t\t\t\t\t<div class=\"jet-listing-grid jet-listing\"><div class=\"jet-listing-grid__slider\" data-slider_options=\"{&quot;autoplaySpeed&quot;:5000,&quot;autoplay&quot;:true,&quot;pauseOnHover&quot;:true,&quot;infinite&quot;:true,&quot;centerMode&quot;:false,&quot;speed&quot;:500,&quot;arrows&quot;:true,&quot;dots&quot;:false,&quot;slidesToScroll&quot;:1,&quot;prevArrow&quot;:&quot;&lt;div class=&#039;jet-listing-grid__slider-icon prev-arrow &#039; role=&#039;button&#039; aria-label=&#039;Previous&#039;&gt;&lt;svg width=&#039;180&#039; height=&#039;180&#039; viewBox=&#039;0 0 180 180&#039; fill=&#039;none&#039; xmlns=&#039;http:\\\/\\\/www.w3.org\\\/2000\\\/svg&#039;&gt;&lt;path d=&#039;M119 47.3166C119 48.185 118.668 48.9532 118.003 49.6212L78.8385 89L118.003 128.379C118.668 129.047 119 129.815 119 130.683C119 131.552 118.668 132.32 118.003 132.988L113.021 137.998C112.356 138.666 111.592 139 110.729 139C109.865 139 109.101 138.666 108.436 137.998L61.9966 91.3046C61.3322 90.6366 61 89.8684 61 89C61 88.1316 61.3322 87.3634 61.9966 86.6954L108.436 40.002C109.101 39.334 109.865 39 110.729 39C111.592 39 112.356 39.334 113.021 40.002L118.003 45.012C118.668 45.68 119 46.4482 119 47.3166Z&#039; fill=&#039;black&#039;\\\/&gt;&lt;\\\/svg&gt;&lt;\\\/div&gt;&quot;,&quot;nextArrow&quot;:&quot;&lt;div class=&#039;jet-listing-grid__slider-icon next-arrow &#039; role=&#039;button&#039; aria-label=&#039;Next&#039;&gt;&lt;svg width=&#039;180&#039; height=&#039;180&#039; viewBox=&#039;0 0 180 180&#039; fill=&#039;none&#039; xmlns=&#039;http:\\\/\\\/www.w3.org\\\/2000\\\/svg&#039;&gt;&lt;path d=&#039;M119 47.3166C119 48.185 118.668 48.9532 118.003 49.6212L78.8385 89L118.003 128.379C118.668 129.047 119 129.815 119 130.683C119 131.552 118.668 132.32 118.003 132.988L113.021 137.998C112.356 138.666 111.592 139 110.729 139C109.865 139 109.101 138.666 108.436 137.998L61.9966 91.3046C61.3322 90.6366 61 89.8684 61 89C61 88.1316 61.3322 87.3634 61.9966 86.6954L108.436 40.002C109.101 39.334 109.865 39 110.729 39C111.592 39 112.356 39.334 113.021 40.002L118.003 45.012C118.668 45.68 119 46.4482 119 47.3166Z&#039; fill=&#039;black&#039;\\\/&gt;&lt;\\\/svg&gt;&lt;\\\/div&gt;&quot;,&quot;rtl&quot;:false,&quot;itemsCount&quot;:5,&quot;fade&quot;:false,&quot;slidesToShow&quot;:{&quot;desktop&quot;:1,&quot;tablet&quot;:1,&quot;mobile&quot;:1}}\" dir=\"ltr\"><div class=\"jet-listing-grid__items grid-col-desk-1 grid-col-tablet-1 grid-col-mobile-1 jet-listing-grid--1004\" data-queried-id=\"965|WP_Post\" data-nav=\"{&quot;enabled&quot;:false,&quot;type&quot;:null,&quot;more_el&quot;:null,&quot;query&quot;:[],&quot;widget_settings&quot;:{&quot;lisitng_id&quot;:1004,&quot;posts_num&quot;:5,&quot;columns&quot;:1,&quot;columns_tablet&quot;:1,&quot;columns_mobile&quot;:1,&quot;column_min_width&quot;:240,&quot;column_min_width_tablet&quot;:240,&quot;column_min_width_mobile&quot;:240,&quot;inline_columns_css&quot;:false,&quot;is_archive_template&quot;:&quot;&quot;,&quot;post_status&quot;:[&quot;publish&quot;],&quot;use_random_posts_num&quot;:&quot;&quot;,&quot;max_posts_num&quot;:9,&quot;not_found_message&quot;:&quot;No data was found&quot;,&quot;is_masonry&quot;:false,&quot;equal_columns_height&quot;:&quot;&quot;,&quot;use_load_more&quot;:&quot;&quot;,&quot;load_more_id&quot;:&quot;&quot;,&quot;load_more_type&quot;:&quot;click&quot;,&quot;load_more_offset&quot;:{&quot;unit&quot;:&quot;px&quot;,&quot;size&quot;:0,&quot;sizes&quot;:[]},&quot;use_custom_post_types&quot;:&quot;&quot;,&quot;custom_post_types&quot;:[],&quot;hide_widget_if&quot;:&quot;&quot;,&quot;carousel_enabled&quot;:&quot;yes&quot;,&quot;slides_to_scroll&quot;:&quot;1&quot;,&quot;arrows&quot;:&quot;true&quot;,&quot;arrow_icon&quot;:&quot;fa fa-angle-left&quot;,&quot;dots&quot;:&quot;&quot;,&quot;autoplay&quot;:&quot;true&quot;,&quot;pause_on_hover&quot;:&quot;true&quot;,&quot;autoplay_speed&quot;:5000,&quot;infinite&quot;:&quot;true&quot;,&quot;center_mode&quot;:&quot;&quot;,&quot;effect&quot;:&quot;slide&quot;,&quot;speed&quot;:500,&quot;inject_alternative_items&quot;:&quot;&quot;,&quot;injection_items&quot;:[],&quot;scroll_slider_enabled&quot;:&quot;&quot;,&quot;scroll_slider_on&quot;:[&quot;desktop&quot;,&quot;tablet&quot;,&quot;mobile&quot;],&quot;custom_query&quot;:false,&quot;custom_query_id&quot;:&quot;&quot;,&quot;_element_id&quot;:&quot;&quot;,&quot;collapse_first_last_gap&quot;:false,&quot;list_items_wrapper_tag&quot;:&quot;div&quot;,&quot;list_item_tag&quot;:&quot;div&quot;,&quot;empty_items_wrapper_tag&quot;:&quot;div&quot;}}\" data-page=\"1\" data-pages=\"2\" data-listing-source=\"posts\" data-listing-id=\"1004\" data-query-id=\"\"><div class=\"jet-listing-grid__item jet-listing-dynamic-post-1667\" data-post-id=\"1667\" >\t\t<div data-elementor-type=\"jet-listing-items\" data-elementor-id=\"1004\" class=\"elementor elementor-1004\" data-elementor-post-type=\"jet-engine\">\n\t\t\t\t<div class=\"elementor-element elementor-element-69feba0 e-con-full e-flex e-con e-parent\" data-id=\"69feba0\" data-element_type=\"container\">\n\t\t\t\t<div class=\"elementor-element elementor-element-cc01f87 elementor-widget elementor-widget-image\" data-id=\"cc01f87\" data-element_type=\"widget\" data-widget_type=\"image.default\">\n\t\t\t\t<div class=\"elementor-widget-container\">\n\t\t\t\t\t\t\t\t\t\t\t\t\t\t\t\t<a href=\"https:\/\/coopdera.org\/cast\/projectes\/pati-escola-els-minairons\/\">\n\t\t\t\t\t\t\t<img fetchpriority=\"high\" decoding=\"async\" width=\"1440\" height=\"1080\" src=\"https:\/\/coopdera.org\/wp-content\/uploads\/2025\/02\/9.jpg\" class=\"attachment-full size-full wp-image-1692\" alt=\"\" srcset=\"https:\/\/coopdera.org\/wp-content\/uploads\/2025\/02\/9.jpg 1440w, https:\/\/coopdera.org\/wp-content\/uploads\/2025\/02\/9-300x225.jpg 300w, https:\/\/coopdera.org\/wp-content\/uploads\/2025\/02\/9-1024x768.jpg 1024w, https:\/\/coopdera.org\/wp-content\/uploads\/2025\/02\/9-768x576.jpg 768w, https:\/\/coopdera.org\/wp-content\/uploads\/2025\/02\/9-16x12.jpg 16w\" sizes=\"(max-width: 1440px) 100vw, 1440px\" \/>\t\t\t\t\t\t\t\t<\/a>\n\t\t\t\t\t\t\t\t\t\t\t\t\t\t\t<\/div>\n\t\t\t\t<\/div>\n\t\t\t\t<div class=\"elementor-element elementor-element-b1fb883 elementor-widget elementor-widget-heading\" data-id=\"b1fb883\" data-element_type=\"widget\" data-widget_type=\"heading.default\">\n\t\t\t\t<div class=\"elementor-widget-container\">\n\t\t\t\t\t<h2 class=\"elementor-heading-title elementor-size-default\">PATIO ESCUELA LOS MINAIRONES<\/h2>\t\t\t\t<\/div>\n\t\t\t\t<\/div>\n\t\t\t\t<\/div>\n\t\t\t\t<\/div>\n\t\t<\/div><div class=\"jet-listing-grid__item jet-listing-dynamic-post-936\" data-post-id=\"936\" >\t\t<div data-elementor-type=\"jet-listing-items\" data-elementor-id=\"1004\" class=\"elementor elementor-1004\" data-elementor-post-type=\"jet-engine\">\n\t\t\t\t<div class=\"elementor-element elementor-element-69feba0 e-con-full e-flex e-con e-parent\" data-id=\"69feba0\" data-element_type=\"container\">\n\t\t\t\t<div class=\"elementor-element elementor-element-cc01f87 elementor-widget elementor-widget-image\" data-id=\"cc01f87\" data-element_type=\"widget\" data-widget_type=\"image.default\">\n\t\t\t\t<div class=\"elementor-widget-container\">\n\t\t\t\t\t\t\t\t\t\t\t\t\t\t\t\t<a href=\"https:\/\/coopdera.org\/cast\/projectes\/casa-de-lhort-de-la-font\/\">\n\t\t\t\t\t\t\t<img decoding=\"async\" width=\"1645\" height=\"1080\" src=\"https:\/\/coopdera.org\/wp-content\/uploads\/2024\/03\/026A4752-2-copia-scaled.jpg\" class=\"attachment-full size-full wp-image-1397\" alt=\"\" srcset=\"https:\/\/coopdera.org\/wp-content\/uploads\/2024\/03\/026A4752-2-copia-scaled.jpg 1645w, https:\/\/coopdera.org\/wp-content\/uploads\/2024\/03\/026A4752-2-copia-300x197.jpg 300w, https:\/\/coopdera.org\/wp-content\/uploads\/2024\/03\/026A4752-2-copia-1024x672.jpg 1024w, https:\/\/coopdera.org\/wp-content\/uploads\/2024\/03\/026A4752-2-copia-768x504.jpg 768w, https:\/\/coopdera.org\/wp-content\/uploads\/2024\/03\/026A4752-2-copia-1536x1009.jpg 1536w, https:\/\/coopdera.org\/wp-content\/uploads\/2024\/03\/026A4752-2-copia-2048x1345.jpg 1644w, https:\/\/coopdera.org\/wp-content\/uploads\/2024\/03\/026A4752-2-copia-18x12.jpg 18w\" sizes=\"(max-width: 1645px) 100vw, 1645px\" \/>\t\t\t\t\t\t\t\t<\/a>\n\t\t\t\t\t\t\t\t\t\t\t\t\t\t\t<\/div>\n\t\t\t\t<\/div>\n\t\t\t\t<div class=\"elementor-element elementor-element-b1fb883 elementor-widget elementor-widget-heading\" data-id=\"b1fb883\" data-element_type=\"widget\" data-widget_type=\"heading.default\">\n\t\t\t\t<div class=\"elementor-widget-container\">\n\t\t\t\t\t<h2 class=\"elementor-heading-title elementor-size-default\">CASA DE L'HORT DE LA FONT<\/h2>\t\t\t\t<\/div>\n\t\t\t\t<\/div>\n\t\t\t\t<\/div>\n\t\t\t\t<\/div>\n\t\t<\/div><div class=\"jet-listing-grid__item jet-listing-dynamic-post-13\" data-post-id=\"13\" >\t\t<div data-elementor-type=\"jet-listing-items\" data-elementor-id=\"1004\" class=\"elementor elementor-1004\" data-elementor-post-type=\"jet-engine\">\n\t\t\t\t<div class=\"elementor-element elementor-element-69feba0 e-con-full e-flex e-con e-parent\" data-id=\"69feba0\" data-element_type=\"container\">\n\t\t\t\t<div class=\"elementor-element elementor-element-cc01f87 elementor-widget elementor-widget-image\" data-id=\"cc01f87\" data-element_type=\"widget\" data-widget_type=\"image.default\">\n\t\t\t\t<div class=\"elementor-widget-container\">\n\t\t\t\t\t\t\t\t\t\t\t\t\t\t\t\t<a href=\"https:\/\/coopdera.org\/cast\/projectes\/casa-xaio-a-bressui\/\">\n\t\t\t\t\t\t\t<img decoding=\"async\" width=\"1763\" height=\"1079\" src=\"https:\/\/coopdera.org\/wp-content\/uploads\/2024\/01\/pano-home-e1713956866671.webp\" class=\"attachment-full size-full wp-image-73\" alt=\"\" srcset=\"https:\/\/coopdera.org\/wp-content\/uploads\/2024\/01\/pano-home-e1713956866671.webp 1763w, https:\/\/coopdera.org\/wp-content\/uploads\/2024\/01\/pano-home-e1713956866671-300x184.webp 300w, https:\/\/coopdera.org\/wp-content\/uploads\/2024\/01\/pano-home-e1713956866671-1024x627.webp 1024w, https:\/\/coopdera.org\/wp-content\/uploads\/2024\/01\/pano-home-e1713956866671-768x470.webp 768w, https:\/\/coopdera.org\/wp-content\/uploads\/2024\/01\/pano-home-e1713956866671-1536x940.webp 1536w, https:\/\/coopdera.org\/wp-content\/uploads\/2024\/01\/pano-home-e1713956866671-18x12.webp 18w\" sizes=\"(max-width: 1763px) 100vw, 1763px\" \/>\t\t\t\t\t\t\t\t<\/a>\n\t\t\t\t\t\t\t\t\t\t\t\t\t\t\t<\/div>\n\t\t\t\t<\/div>\n\t\t\t\t<div class=\"elementor-element elementor-element-b1fb883 elementor-widget elementor-widget-heading\" data-id=\"b1fb883\" data-element_type=\"widget\" data-widget_type=\"heading.default\">\n\t\t\t\t<div class=\"elementor-widget-container\">\n\t\t\t\t\t<h2 class=\"elementor-heading-title elementor-size-default\">CASA XAIO EN BRESSUI<\/h2>\t\t\t\t<\/div>\n\t\t\t\t<\/div>\n\t\t\t\t<\/div>\n\t\t\t\t<\/div>\n\t\t<\/div><div class=\"jet-listing-grid__item jet-listing-dynamic-post-841\" data-post-id=\"841\" >\t\t<div data-elementor-type=\"jet-listing-items\" data-elementor-id=\"1004\" class=\"elementor elementor-1004\" data-elementor-post-type=\"jet-engine\">\n\t\t\t\t<div class=\"elementor-element elementor-element-69feba0 e-con-full e-flex e-con e-parent\" data-id=\"69feba0\" data-element_type=\"container\">\n\t\t\t\t<div class=\"elementor-element elementor-element-cc01f87 elementor-widget elementor-widget-image\" data-id=\"cc01f87\" data-element_type=\"widget\" data-widget_type=\"image.default\">\n\t\t\t\t<div class=\"elementor-widget-container\">\n\t\t\t\t\t\t\t\t\t\t\t\t\t\t\t\t<a href=\"https:\/\/coopdera.org\/cast\/projectes\/era-luna-a-peramea\/\">\n\t\t\t\t\t\t\t<img loading=\"lazy\" decoding=\"async\" width=\"1920\" height=\"1280\" src=\"https:\/\/coopdera.org\/wp-content\/uploads\/2024\/01\/MG_4660.webp\" class=\"attachment-full size-full wp-image-180\" alt=\"\" srcset=\"https:\/\/coopdera.org\/wp-content\/uploads\/2024\/01\/MG_4660.webp 1920w, https:\/\/coopdera.org\/wp-content\/uploads\/2024\/01\/MG_4660-300x200.webp 300w, https:\/\/coopdera.org\/wp-content\/uploads\/2024\/01\/MG_4660-1024x683.webp 1024w, https:\/\/coopdera.org\/wp-content\/uploads\/2024\/01\/MG_4660-768x512.webp 768w, https:\/\/coopdera.org\/wp-content\/uploads\/2024\/01\/MG_4660-1536x1024.webp 1536w\" sizes=\"(max-width: 1920px) 100vw, 1920px\" \/>\t\t\t\t\t\t\t\t<\/a>\n\t\t\t\t\t\t\t\t\t\t\t\t\t\t\t<\/div>\n\t\t\t\t<\/div>\n\t\t\t\t<div class=\"elementor-element elementor-element-b1fb883 elementor-widget elementor-widget-heading\" data-id=\"b1fb883\" data-element_type=\"widget\" data-widget_type=\"heading.default\">\n\t\t\t\t<div class=\"elementor-widget-container\">\n\t\t\t\t\t<h2 class=\"elementor-heading-title elementor-size-default\">ERA LUNA EN PERAMEA<\/h2>\t\t\t\t<\/div>\n\t\t\t\t<\/div>\n\t\t\t\t<\/div>\n\t\t\t\t<\/div>\n\t\t<\/div><div class=\"jet-listing-grid__item jet-listing-dynamic-post-894\" data-post-id=\"894\" >\t\t<div data-elementor-type=\"jet-listing-items\" data-elementor-id=\"1004\" class=\"elementor elementor-1004\" data-elementor-post-type=\"jet-engine\">\n\t\t\t\t<div class=\"elementor-element elementor-element-69feba0 e-con-full e-flex e-con e-parent\" data-id=\"69feba0\" data-element_type=\"container\">\n\t\t\t\t<div class=\"elementor-element elementor-element-cc01f87 elementor-widget elementor-widget-image\" data-id=\"cc01f87\" data-element_type=\"widget\" data-widget_type=\"image.default\">\n\t\t\t\t<div class=\"elementor-widget-container\">\n\t\t\t\t\t\t\t\t\t\t\t\t\t\t\t\t<a href=\"https:\/\/coopdera.org\/cast\/projectes\/casa-pardina-de-sorre\/\">\n\t\t\t\t\t\t\t<img loading=\"lazy\" decoding=\"async\" width=\"1920\" height=\"1408\" src=\"https:\/\/coopdera.org\/wp-content\/uploads\/2024\/01\/026A9688-Edit-copia-e1713956743193.webp\" class=\"attachment-full size-full wp-image-268\" alt=\"\" srcset=\"https:\/\/coopdera.org\/wp-content\/uploads\/2024\/01\/026A9688-Edit-copia-e1713956743193.webp 1920w, https:\/\/coopdera.org\/wp-content\/uploads\/2024\/01\/026A9688-Edit-copia-e1713956743193-300x220.webp 300w, https:\/\/coopdera.org\/wp-content\/uploads\/2024\/01\/026A9688-Edit-copia-e1713956743193-1024x751.webp 1024w, https:\/\/coopdera.org\/wp-content\/uploads\/2024\/01\/026A9688-Edit-copia-e1713956743193-768x563.webp 768w, https:\/\/coopdera.org\/wp-content\/uploads\/2024\/01\/026A9688-Edit-copia-e1713956743193-1536x1126.webp 1536w, https:\/\/coopdera.org\/wp-content\/uploads\/2024\/01\/026A9688-Edit-copia-e1713956743193-16x12.webp 16w\" sizes=\"(max-width: 1920px) 100vw, 1920px\" \/>\t\t\t\t\t\t\t\t<\/a>\n\t\t\t\t\t\t\t\t\t\t\t\t\t\t\t<\/div>\n\t\t\t\t<\/div>\n\t\t\t\t<div class=\"elementor-element elementor-element-b1fb883 elementor-widget elementor-widget-heading\" data-id=\"b1fb883\" data-element_type=\"widget\" data-widget_type=\"heading.default\">\n\t\t\t\t<div class=\"elementor-widget-container\">\n\t\t\t\t\t<h2 class=\"elementor-heading-title elementor-size-default\">CASA PARDINA DE SORRE<\/h2>\t\t\t\t<\/div>\n\t\t\t\t<\/div>\n\t\t\t\t<\/div>\n\t\t\t\t<\/div>\n\t\t<\/div><\/div><\/div><\/div>\t\t\t\t<\/div>\n\t\t\t\t<\/div>\n\t\t\t\t\t<\/div>\n\t\t\t\t<\/div>\n\t\t<div class=\"elementor-element elementor-element-552f373 e-con-full e-flex e-con e-parent\" data-id=\"552f373\" data-element_type=\"container\">\n\t\t\t\t<div class=\"elementor-element elementor-element-afec799 elementor-widget__width-initial elementor-widget elementor-widget-heading\" data-id=\"afec799\" data-element_type=\"widget\" data-widget_type=\"heading.default\">\n\t\t\t\t<div class=\"elementor-widget-container\">\n\t\t\t\t\t<h2 class=\"elementor-heading-title elementor-size-default\">\u00bfQU\u00c9 HACEMOS?<\/h2>\t\t\t\t<\/div>\n\t\t\t\t<\/div>\n\t\t\t\t<\/div>\n\t\t<div class=\"elementor-element elementor-element-997ff14 e-flex e-con-boxed e-con e-parent\" data-id=\"997ff14\" data-element_type=\"container\">\n\t\t\t\t\t<div class=\"e-con-inner\">\n\t\t<div class=\"elementor-element elementor-element-31fe6c8 e-con-full e-flex e-con e-child\" data-id=\"31fe6c8\" data-element_type=\"container\">\n\t\t\t\t<div class=\"elementor-element elementor-element-3a803c5 elementor-widget elementor-widget-image\" data-id=\"3a803c5\" data-element_type=\"widget\" data-widget_type=\"image.default\">\n\t\t\t\t<div class=\"elementor-widget-container\">\n\t\t\t\t\t\t\t\t\t\t\t\t\t\t\t\t<a href=\"https:\/\/coopdera.org\/cast\/serveis\/\">\n\t\t\t\t\t\t\t<img loading=\"lazy\" decoding=\"async\" width=\"409\" height=\"295\" src=\"https:\/\/coopdera.org\/wp-content\/uploads\/2024\/01\/5.1-e1709485688278.png\" class=\"attachment-full size-full wp-image-644\" alt=\"\" srcset=\"https:\/\/coopdera.org\/wp-content\/uploads\/2024\/01\/5.1-e1709485688278.png 409w, https:\/\/coopdera.org\/wp-content\/uploads\/2024\/01\/5.1-e1709485688278-300x216.png 300w, https:\/\/coopdera.org\/wp-content\/uploads\/2024\/01\/5.1-e1709485688278-18x12.png 18w\" sizes=\"(max-width: 409px) 100vw, 409px\" \/>\t\t\t\t\t\t\t\t<\/a>\n\t\t\t\t\t\t\t\t\t\t\t\t\t\t\t<\/div>\n\t\t\t\t<\/div>\n\t\t\t\t<div class=\"elementor-element elementor-element-1d48ce0 elementor-widget elementor-widget-heading\" data-id=\"1d48ce0\" data-element_type=\"widget\" data-widget_type=\"heading.default\">\n\t\t\t\t<div class=\"elementor-widget-container\">\n\t\t\t\t\t<h2 class=\"elementor-heading-title elementor-size-default\"><a href=\"https:\/\/coopdera.org\/cast\/serveis\/\">ARQUITECTURA SOSTENIBLE<\/a><\/h2>\t\t\t\t<\/div>\n\t\t\t\t<\/div>\n\t\t\t\t<\/div>\n\t\t<div class=\"elementor-element elementor-element-1dc0640 e-con-full e-flex e-con e-child\" data-id=\"1dc0640\" data-element_type=\"container\">\n\t\t\t\t<div class=\"elementor-element elementor-element-3fc665e elementor-widget elementor-widget-image\" data-id=\"3fc665e\" data-element_type=\"widget\" data-widget_type=\"image.default\">\n\t\t\t\t<div class=\"elementor-widget-container\">\n\t\t\t\t\t\t\t\t\t\t\t\t\t\t\t\t<a href=\"https:\/\/coopdera.org\/cast\/serveis\/\">\n\t\t\t\t\t\t\t<img loading=\"lazy\" decoding=\"async\" width=\"662\" height=\"301\" src=\"https:\/\/coopdera.org\/wp-content\/uploads\/2024\/01\/3.1-e1709485299252.png\" class=\"attachment-full size-full wp-image-646\" alt=\"\" srcset=\"https:\/\/coopdera.org\/wp-content\/uploads\/2024\/01\/3.1-e1709485299252.png 662w, https:\/\/coopdera.org\/wp-content\/uploads\/2024\/01\/3.1-e1709485299252-300x136.png 300w, https:\/\/coopdera.org\/wp-content\/uploads\/2024\/01\/3.1-e1709485299252-18x8.png 18w\" sizes=\"(max-width: 662px) 100vw, 662px\" \/>\t\t\t\t\t\t\t\t<\/a>\n\t\t\t\t\t\t\t\t\t\t\t\t\t\t\t<\/div>\n\t\t\t\t<\/div>\n\t\t\t\t<div class=\"elementor-element elementor-element-5138cb9 elementor-widget elementor-widget-heading\" data-id=\"5138cb9\" data-element_type=\"widget\" data-widget_type=\"heading.default\">\n\t\t\t\t<div class=\"elementor-widget-container\">\n\t\t\t\t\t<h2 class=\"elementor-heading-title elementor-size-default\"><a href=\"https:\/\/coopdera.org\/cast\/serveis\/\">ESPACIO P\u00daBLICO <br>Y DISE\u00d1O PARTICIPATIVO<\/a><\/h2>\t\t\t\t<\/div>\n\t\t\t\t<\/div>\n\t\t\t\t<\/div>\n\t\t<div class=\"elementor-element elementor-element-65e68bf e-con-full e-flex e-con e-child\" data-id=\"65e68bf\" data-element_type=\"container\">\n\t\t\t\t<div class=\"elementor-element elementor-element-4dba5bf elementor-widget elementor-widget-image\" data-id=\"4dba5bf\" data-element_type=\"widget\" data-widget_type=\"image.default\">\n\t\t\t\t<div class=\"elementor-widget-container\">\n\t\t\t\t\t\t\t\t\t\t\t\t\t\t\t\t<a href=\"https:\/\/coopdera.org\/cast\/serveis\/\">\n\t\t\t\t\t\t\t<img loading=\"lazy\" decoding=\"async\" width=\"747\" height=\"598\" src=\"https:\/\/coopdera.org\/wp-content\/uploads\/2024\/01\/4.1-e1709485195837.png\" class=\"attachment-full size-full wp-image-650\" alt=\"\" srcset=\"https:\/\/coopdera.org\/wp-content\/uploads\/2024\/01\/4.1-e1709485195837.png 747w, https:\/\/coopdera.org\/wp-content\/uploads\/2024\/01\/4.1-e1709485195837-300x240.png 300w, https:\/\/coopdera.org\/wp-content\/uploads\/2024\/01\/4.1-e1709485195837-15x12.png 15w\" sizes=\"(max-width: 747px) 100vw, 747px\" \/>\t\t\t\t\t\t\t\t<\/a>\n\t\t\t\t\t\t\t\t\t\t\t\t\t\t\t<\/div>\n\t\t\t\t<\/div>\n\t\t\t\t<div class=\"elementor-element elementor-element-b10a929 elementor-widget elementor-widget-heading\" data-id=\"b10a929\" data-element_type=\"widget\" data-widget_type=\"heading.default\">\n\t\t\t\t<div class=\"elementor-widget-container\">\n\t\t\t\t\t<h2 class=\"elementor-heading-title elementor-size-default\"><a href=\"https:\/\/coopdera.org\/cast\/serveis\/\">ACOMPA\u00d1AMIENTO PR\u00d3XIMO<\/a><\/h2>\t\t\t\t<\/div>\n\t\t\t\t<\/div>\n\t\t\t\t<\/div>\n\t\t<div class=\"elementor-element elementor-element-7c4effe e-con-full e-flex e-con e-child\" data-id=\"7c4effe\" data-element_type=\"container\">\n\t\t\t\t<div class=\"elementor-element elementor-element-df75a56 elementor-widget elementor-widget-image\" data-id=\"df75a56\" data-element_type=\"widget\" data-widget_type=\"image.default\">\n\t\t\t\t<div class=\"elementor-widget-container\">\n\t\t\t\t\t\t\t\t\t\t\t\t\t\t\t\t<a href=\"https:\/\/coopdera.org\/cast\/serveis\/\">\n\t\t\t\t\t\t\t<img loading=\"lazy\" decoding=\"async\" width=\"436\" height=\"284\" src=\"https:\/\/coopdera.org\/wp-content\/uploads\/2024\/01\/1.1-e1709485578160.png\" class=\"attachment-full size-full wp-image-648\" alt=\"\" srcset=\"https:\/\/coopdera.org\/wp-content\/uploads\/2024\/01\/1.1-e1709485578160.png 436w, https:\/\/coopdera.org\/wp-content\/uploads\/2024\/01\/1.1-e1709485578160-300x195.png 300w, https:\/\/coopdera.org\/wp-content\/uploads\/2024\/01\/1.1-e1709485578160-18x12.png 18w\" sizes=\"(max-width: 436px) 100vw, 436px\" \/>\t\t\t\t\t\t\t\t<\/a>\n\t\t\t\t\t\t\t\t\t\t\t\t\t\t\t<\/div>\n\t\t\t\t<\/div>\n\t\t\t\t<div class=\"elementor-element elementor-element-a2a3cf1 elementor-widget elementor-widget-heading\" data-id=\"a2a3cf1\" data-element_type=\"widget\" data-widget_type=\"heading.default\">\n\t\t\t\t<div class=\"elementor-widget-container\">\n\t\t\t\t\t<h2 class=\"elementor-heading-title elementor-size-default\"><a href=\"https:\/\/coopdera.org\/cast\/serveis\/\">VIVIENDA <br>EN EL MUNDO RURAL<\/a><\/h2>\t\t\t\t<\/div>\n\t\t\t\t<\/div>\n\t\t\t\t<\/div>\n\t\t\t\t\t<\/div>\n\t\t\t\t<\/div>\n\t\t\t\t<\/div>","protected":false},"excerpt":{"rendered":"<p>Arquitectura cooperativa, cercana Y ARRELADA EN EL PIRINEO Dise\u00f1amos y acompa\u00f1amos proyectos de vivienda, espacio p\u00fablico y arquitectura sostenible que dan respuesta a las necesidades del territorio. \u00bfQU\u00c9 HACEMOS? ARQUITECTURA SOSTENIBLE ESPACIO P\u00daBLICO Y DISE\u00d1O PARTICIPATIVO ACOMPA\u00d1AMIENTO PR\u00d3XIMA VIVIENDA EN EL MUNDO RURAL<\/p>","protected":false},"author":2,"featured_media":0,"parent":0,"menu_order":0,"comment_status":"closed","ping_status":"closed","template":"","meta":{"footnotes":""},"class_list":["post-965","page","type-page","status-publish","hentry"],"_links":{"self":[{"href":"https:\/\/coopdera.org\/cast\/wp-json\/wp\/v2\/pages\/965","targetHints":{"allow":["GET"]}}],"collection":[{"href":"https:\/\/coopdera.org\/cast\/wp-json\/wp\/v2\/pages"}],"about":[{"href":"https:\/\/coopdera.org\/cast\/wp-json\/wp\/v2\/types\/page"}],"author":[{"embeddable":true,"href":"https:\/\/coopdera.org\/cast\/wp-json\/wp\/v2\/users\/2"}],"replies":[{"embeddable":true,"href":"https:\/\/coopdera.org\/cast\/wp-json\/wp\/v2\/comments?post=965"}],"version-history":[{"count":170,"href":"https:\/\/coopdera.org\/cast\/wp-json\/wp\/v2\/pages\/965\/revisions"}],"predecessor-version":[{"id":1883,"href":"https:\/\/coopdera.org\/cast\/wp-json\/wp\/v2\/pages\/965\/revisions\/1883"}],"wp:attachment":[{"href":"https:\/\/coopdera.org\/cast\/wp-json\/wp\/v2\/media?parent=965"}],"curies":[{"name":"wp","href":"https:\/\/api.w.org\/{rel}","templated":true}]}}