{"id":1587,"date":"2025-01-08T17:40:11","date_gmt":"2025-01-08T16:40:11","guid":{"rendered":"https:\/\/coopdera.org\/?post_type=projectes&#038;p=1587"},"modified":"2025-02-04T12:47:16","modified_gmt":"2025-02-04T11:47:16","slug":"rehabilitacio-dun-paller-a-araos","status":"publish","type":"projectes","link":"https:\/\/coopdera.org\/cast\/projectes\/rehabilitacio-dun-paller-a-araos\/","title":{"rendered":"ERA DE GABATX\u00d3"},"content":{"rendered":"\n<p><strong><em>Projecte de rehabilitaci\u00f3 d&#8217;un paller a Ara\u00f3s<\/em><\/strong><\/p>\n\n\n\n<p><\/p>\n\n\n\n<p>En aquest projecte, hem procurat que l&#8217;estructura mantingui un di\u00e0leg de coher\u00e8ncia amb els materials i les seves qualitats, amb una est\u00e8tica sincera que tamb\u00e9 dona resposta a criteris funcionals, d&#8217;efici\u00e8ncia energ\u00e8tica i sostenibilitat.<\/p>\n\n\n\n<ul class=\"wp-block-list\">\n<li><strong>Projecte<\/strong>: tot el projecte s&#8217;ha anat definint, pensant i dibuixant conjuntament amb el client. A m\u00e9s de ser el futur usuari de l&#8217;edifici, tamb\u00e9 n&#8217;\u00e9s l&#8217;autoconstructor. \u00c9s per aix\u00f2 que ha estat molt important tot el proc\u00e9s de disseny conjunt, adaptant el projecte a t\u00e8cniques constructives que faciliten l&#8217;autoconstrucci\u00f3, aix\u00ed com realitzar un bon seguiment de l&#8217;obra i anar resolent tots els dubtes i imprevistos que s&#8217;han generat durant aquesta. L&#8217;edifici compta amb una planta baixa que tindr\u00e0 \u00fas de taller, habitaci\u00f3 auxiliar, bany i espai per a instal\u00b7lacions, amb acc\u00e9s a peu pla des de l&#8217;era. La planta primera acollir\u00e0 els usos de sala d&#8217;estar, menjador, cuina, balc\u00f3, habitaci\u00f3 i bany. Alhora, s&#8217;ha aprofitat la part m\u00e9s alta del sotacobert per a fer-hi un altell que pot servir d\u2019habitaci\u00f3 auxiliar. L&#8217;acc\u00e9s principal a la zona habitable \u00e9s des del carrer a trav\u00e9s del tallafred, i tamb\u00e9 est\u00e0 comunicada amb l&#8217;era gr\u00e0cies a l&#8217;escala exterior i la petita terrassa.<br><br><\/li>\n\n\n\n<li><strong>Estructura<\/strong>: el paller es trobava en molt bon estat i s\u2019han aprofitat els murs de pedra i la coberta de fusta, aix\u00ed com l&#8217;estisora central del paller. S\u2019ha realitzat un sorejat a totes les bigues i taulons de fusta i s\u2019han substitu\u00eft els elements que estaven malmesos. S\u2019han afegit pilars per poder transmetre les c\u00e0rregues de l\u2019altell, d\u2019estructura de CLT, fins la planta baixa.<br><br><\/li>\n\n\n\n<li><strong>Efici\u00e8ncia energ\u00e8tica<\/strong>: L\u2019habitatge compta amb una gran obertura orientada a sud que il\u00b7lumina la zona d\u2019estar i tamb\u00e9 disposa de finestres i l\u2019era orientades a oest amb sol de tarda i bones vistes. S\u2019ha a\u00efllat la coberta per sobre per a mantenir l&#8217;estructura de fusta existent, i s\u2019ha realitzat una cambra d\u2019aire ventilada per poder evitar el sobreescalfament a l\u2019estiu. L\u2019habitatge s\u2019escalfa amb una estufa mixta de llenya i p\u00e8l\u00b7let que permet l\u2019automatitzaci\u00f3 de la climatitzaci\u00f3 per una banda i l\u2019aprofitament de recursos locals per l\u2019altra.<br><br><\/li>\n<\/ul>\n\n\n\n<p>[En fase d&#8217;obra]<\/p>\n","protected":false},"featured_media":1604,"template":"","tipologia":[3],"class_list":["post-1587","projectes","type-projectes","status-publish","has-post-thumbnail","hentry","tipologia-arquitectura-sostenible"],"_links":{"self":[{"href":"https:\/\/coopdera.org\/cast\/wp-json\/wp\/v2\/projectes\/1587","targetHints":{"allow":["GET"]}}],"collection":[{"href":"https:\/\/coopdera.org\/cast\/wp-json\/wp\/v2\/projectes"}],"about":[{"href":"https:\/\/coopdera.org\/cast\/wp-json\/wp\/v2\/types\/projectes"}],"wp:featuredmedia":[{"embeddable":true,"href":"https:\/\/coopdera.org\/cast\/wp-json\/wp\/v2\/media\/1604"}],"wp:attachment":[{"href":"https:\/\/coopdera.org\/cast\/wp-json\/wp\/v2\/media?parent=1587"}],"wp:term":[{"taxonomy":"tipologia","embeddable":true,"href":"https:\/\/coopdera.org\/cast\/wp-json\/wp\/v2\/tipologia?post=1587"}],"curies":[{"name":"wp","href":"https:\/\/api.w.org\/{rel}","templated":true}]}}

ERA DE GABATXÓ

<p><strong><em>Projecte de rehabilitació d&#8217;un paller a Araós</em></strong></p>



<p></p>



<p>En aquest projecte, hem procurat que l&#8217;estructura mantingui un diàleg de coherència amb els materials i les seves qualitats, amb una estètica sincera que també dona resposta a criteris funcionals, d&#8217;eficiència energètica i sostenibilitat.</p>



<ul class="wp-block-list">
<li><strong>Projecte</strong>: tot el projecte s&#8217;ha anat definint, pensant i dibuixant conjuntament amb el client. A més de ser el futur usuari de l&#8217;edifici, també n&#8217;és l&#8217;autoconstructor. És per això que ha estat molt important tot el procés de disseny conjunt, adaptant el projecte a tècniques constructives que faciliten l&#8217;autoconstrucció, així com realitzar un bon seguiment de l&#8217;obra i anar resolent tots els dubtes i imprevistos que s&#8217;han generat durant aquesta. L&#8217;edifici compta amb una planta baixa que tindrà ús de taller, habitació auxiliar, bany i espai per a instal·lacions, amb accés a peu pla des de l&#8217;era. La planta primera acollirà els usos de sala d&#8217;estar, menjador, cuina, balcó, habitació i bany. Alhora, s&#8217;ha aprofitat la part més alta del sotacobert per a fer-hi un altell que pot servir d’habitació auxiliar. L&#8217;accés principal a la zona habitable és des del carrer a través del tallafred, i també està comunicada amb l&#8217;era gràcies a l&#8217;escala exterior i la petita terrassa.<br><br></li>



<li><strong>Estructura</strong>: el paller es trobava en molt bon estat i s’han aprofitat els murs de pedra i la coberta de fusta, així com l&#8217;estisora central del paller. S’ha realitzat un sorejat a totes les bigues i taulons de fusta i s’han substituït els elements que estaven malmesos. S’han afegit pilars per poder transmetre les càrregues de l’altell, d’estructura de CLT, fins la planta baixa.<br><br></li>



<li><strong>Eficiència energètica</strong>: L’habitatge compta amb una gran obertura orientada a sud que il·lumina la zona d’estar i també disposa de finestres i l’era orientades a oest amb sol de tarda i bones vistes. S’ha aïllat la coberta per sobre per a mantenir l&#8217;estructura de fusta existent, i s’ha realitzat una cambra d’aire ventilada per poder evitar el sobreescalfament a l’estiu. L’habitatge s’escalfa amb una estufa mixta de llenya i pèl·let que permet l’automatització de la climatització per una banda i l’aprofitament de recursos locals per l’altra.<br><br></li>
</ul>



<p>[En fase d&#8217;obra]</p>
