{"id":879,"date":"2024-03-09T18:54:40","date_gmt":"2024-03-09T17:54:40","guid":{"rendered":"https:\/\/coopdera.org\/?post_type=projectes&#038;p=879"},"modified":"2024-03-09T18:54:41","modified_gmt":"2024-03-09T17:54:41","slug":"dissenyem-i-construim-amb-mirada-critica","status":"publish","type":"projectes","link":"https:\/\/coopdera.org\/cast\/projectes\/dissenyem-i-construim-amb-mirada-critica\/","title":{"rendered":"Dissenyem i constru\u00efm amb mirada cr\u00edtica"},"content":{"rendered":"\n<p>Projecte que vol donar eines a infants i joves perqu\u00e8 puguin millorar els espais quotidians del seu entorn. Els tallers que proposem poden complementar continguts treballats a prim\u00e0ria, secund\u00e0ria i batxillerat, emmarcats dins dels temaris de tecnologia, tecnologia industrial, matem\u00e0tiques, f\u00edsica, dibuix t\u00e8cnic, treball per projectes i projectes d\u2019emprenedoria; i tamb\u00e9 poden formar part de projectes de llarga durada de transformacions de patis, projectes co creatius, etc.<\/p>\n\n\n\n<p>Per a m\u00e9s informaci\u00f3, poseu-vos en contacte amb nosaltres!<\/p>\n\n\n\n<p><strong>&gt; TALLER PARTICIPATIU D&#8217;ESTRUCTURES DE FUSTA<\/strong><\/p>\n\n\n\n<p>Introducci\u00f3 al material de la fusta i a les estructures rec\u00edproques de manera din\u00e0mica, a trav\u00e9s de jocs i maquetes.&nbsp;<\/p>\n\n\n\n<p>M\u00e9s info&nbsp;<a href=\"https:\/\/www.coopdera.org\/1-estructures-reciproques\"><strong>aqu\u00ed<\/strong><\/a><\/p>\n\n\n\n<p><strong>&gt; CONSTRU\u00cfM ESTRUCTURES DE TENSEGRITAT&nbsp;<\/strong><\/p>\n\n\n\n<p>Taller participatiu de construcci\u00f3 d\u2019estructures de tensegritat amb materials naturals, reutilitzats i de proximitat.<\/p>\n\n\n\n<p>M\u00e9s info&nbsp;<a href=\"https:\/\/www.coopdera.org\/estructures-tensegritiques\"><strong>aqu\u00ed<\/strong><\/a><\/p>\n\n\n\n<p><strong>&gt; <\/strong><strong>PERDEM LA POR A EMBRUTAR-NOS,&nbsp;<\/strong><strong>EXPERIMENTEM AMB LA TERRA<\/strong><\/p>\n\n\n\n<p>Taller enfocat a diverses edats on les participants entrin en contacte amb la terra de manera sensorial i l\u00fadica per acabar experimentant amb aquesta com a material de construcci\u00f3.<\/p>\n\n\n\n<p><strong>&gt; <\/strong><strong>TALLER D&#8217;EXPERIMENTACI\u00d3 AMB L&#8217;ESPAI<\/strong><\/p>\n\n\n\n<p>Experimentar la transformaci\u00f3 i apropiaci\u00f3 dels espais quotidians a trav\u00e9s de la intu\u00efci\u00f3 i del contacte amb diferents materials com ara fils i teixits. Col\u00b7lectivament constru\u00efm i transformem l\u2019espai de manera l\u00fadica i imaginativa.<\/p>\n\n\n\n<p><strong>&gt; <\/strong><strong>DESCOBRIM LES MAGNITUDS<\/strong><\/p>\n\n\n\n<p>Taller d\u2019experimentaci\u00f3 amb diferents materials i construccions per con\u00e8ixer i entendre les magnituds.&nbsp;<\/p>\n\n\n\n<p><strong>&gt; <\/strong><strong>RECORREGUTS AMB PERSPECTIVA DE G\u00c8NERE<\/strong><\/p>\n\n\n\n<p>An\u00e0lisi dels espais amb perspectiva de g\u00e8nere per entendre les experi\u00e8ncies de totes les persones, amb tota la diversitat i complexitat que aix\u00f2 implica.&nbsp;<\/p>\n\n\n\n<p>Diagnosi per con\u00e8ixer les realitats quotidianes dels i les joves, les seves necessitats i els seus desitjos.<\/p>\n\n\n\n<p><strong>&gt; <\/strong><strong>REPENSEM ELS NOSTRES ESPAIS<\/strong><\/p>\n\n\n\n<p>Activitat dividida en fases que segueixen una metodologia basada en un proc\u00e9s participatiu vinculada a tota la comunitat.&nbsp; Diagnosi col\u00b7lectiva de l\u2019espai; elecci\u00f3 dels valors inclusius i no sexistes que volem tractar;&nbsp;elaboraraci\u00f3 de&nbsp;propostes i recomanacions de millora.<\/p>\n\n\n\n<p><strong>&gt; <\/strong><strong>JORNADES DE CONSTRUCCI\u00d3 SOSTENIBLE I TERRITORI<\/strong><\/p>\n\n\n\n<p>Oferim una proposta de jornades conjuntament amb <a href=\"http:\/\/www.balmesblancs.com\/\"><strong>l&#8217;Associaci\u00f3 Balmes Blancs<\/strong><\/a>&nbsp;(Refugi Vall de Siarb), articulada en diferents tallers i activitats d\u2019ensenyament i aprenentatge que giren entorn un eix principal que \u00e9s la \u201cconstrucci\u00f3 sostenible i el seu territori\u201d. Aquest treball pret\u00e9n tractar les construccions sostenibles amb materials com la Fusta o la pedra: recursos essencials vinculats amb el territori.<\/p>\n\n\n\n<p>Realitzarem tallers d&#8217;iniciaci\u00f3 a la t\u00e8cnica de la pedra seca (murs i empedrats), tallers participatius d&#8217;estructures de fusta i visites guiades al Museu de Camins de la Vall de Siarb.<\/p>\n\n\n\n<p>Per a m\u00e9s informaci\u00f3, poseu-vos en contacte amb nosaltres.<\/p>\n","protected":false},"featured_media":450,"template":"","tipologia":[4],"class_list":["post-879","projectes","type-projectes","status-publish","has-post-thumbnail","hentry","tipologia-espai-public-i-disseny-participatiu"],"_links":{"self":[{"href":"https:\/\/coopdera.org\/cast\/wp-json\/wp\/v2\/projectes\/879","targetHints":{"allow":["GET"]}}],"collection":[{"href":"https:\/\/coopdera.org\/cast\/wp-json\/wp\/v2\/projectes"}],"about":[{"href":"https:\/\/coopdera.org\/cast\/wp-json\/wp\/v2\/types\/projectes"}],"wp:featuredmedia":[{"embeddable":true,"href":"https:\/\/coopdera.org\/cast\/wp-json\/wp\/v2\/media\/450"}],"wp:attachment":[{"href":"https:\/\/coopdera.org\/cast\/wp-json\/wp\/v2\/media?parent=879"}],"wp:term":[{"taxonomy":"tipologia","embeddable":true,"href":"https:\/\/coopdera.org\/cast\/wp-json\/wp\/v2\/tipologia?post=879"}],"curies":[{"name":"wp","href":"https:\/\/api.w.org\/{rel}","templated":true}]}}

Dissenyem i construïm amb mirada crítica

<p>Projecte que vol donar eines a infants i joves perquè puguin millorar els espais quotidians del seu entorn. Els tallers que proposem poden complementar continguts treballats a primària, secundària i batxillerat, emmarcats dins dels temaris de tecnologia, tecnologia industrial, matemàtiques, física, dibuix tècnic, treball per projectes i projectes d’emprenedoria; i també poden formar part de projectes de llarga durada de transformacions de patis, projectes co creatius, etc.</p>



<p>Per a més informació, poseu-vos en contacte amb nosaltres!</p>



<p><strong>&gt; TALLER PARTICIPATIU D&#8217;ESTRUCTURES DE FUSTA</strong></p>



<p>Introducció al material de la fusta i a les estructures recíproques de manera dinàmica, a través de jocs i maquetes.&nbsp;</p>



<p>Més info&nbsp;<a href="https://www.coopdera.org/1-estructures-reciproques"><strong>aquí</strong></a></p>



<p><strong>&gt; CONSTRUÏM ESTRUCTURES DE TENSEGRITAT&nbsp;</strong></p>



<p>Taller participatiu de construcció d’estructures de tensegritat amb materials naturals, reutilitzats i de proximitat.</p>



<p>Més info&nbsp;<a href="https://www.coopdera.org/estructures-tensegritiques"><strong>aquí</strong></a></p>



<p><strong>&gt; </strong><strong>PERDEM LA POR A EMBRUTAR-NOS,&nbsp;</strong><strong>EXPERIMENTEM AMB LA TERRA</strong></p>



<p>Taller enfocat a diverses edats on les participants entrin en contacte amb la terra de manera sensorial i lúdica per acabar experimentant amb aquesta com a material de construcció.</p>



<p><strong>&gt; </strong><strong>TALLER D&#8217;EXPERIMENTACIÓ AMB L&#8217;ESPAI</strong></p>



<p>Experimentar la transformació i apropiació dels espais quotidians a través de la intuïció i del contacte amb diferents materials com ara fils i teixits. Col·lectivament construïm i transformem l’espai de manera lúdica i imaginativa.</p>



<p><strong>&gt; </strong><strong>DESCOBRIM LES MAGNITUDS</strong></p>



<p>Taller d’experimentació amb diferents materials i construccions per conèixer i entendre les magnituds.&nbsp;</p>



<p><strong>&gt; </strong><strong>RECORREGUTS AMB PERSPECTIVA DE GÈNERE</strong></p>



<p>Anàlisi dels espais amb perspectiva de gènere per entendre les experiències de totes les persones, amb tota la diversitat i complexitat que això implica.&nbsp;</p>



<p>Diagnosi per conèixer les realitats quotidianes dels i les joves, les seves necessitats i els seus desitjos.</p>



<p><strong>&gt; </strong><strong>REPENSEM ELS NOSTRES ESPAIS</strong></p>



<p>Activitat dividida en fases que segueixen una metodologia basada en un procés participatiu vinculada a tota la comunitat.&nbsp; Diagnosi col·lectiva de l’espai; elecció dels valors inclusius i no sexistes que volem tractar;&nbsp;elaboraració de&nbsp;propostes i recomanacions de millora.</p>



<p><strong>&gt; </strong><strong>JORNADES DE CONSTRUCCIÓ SOSTENIBLE I TERRITORI</strong></p>



<p>Oferim una proposta de jornades conjuntament amb <a href="http://www.balmesblancs.com/"><strong>l&#8217;Associació Balmes Blancs</strong></a>&nbsp;(Refugi Vall de Siarb), articulada en diferents tallers i activitats d’ensenyament i aprenentatge que giren entorn un eix principal que és la “construcció sostenible i el seu territori”. Aquest treball pretén tractar les construccions sostenibles amb materials com la Fusta o la pedra: recursos essencials vinculats amb el territori.</p>



<p>Realitzarem tallers d&#8217;iniciació a la tècnica de la pedra seca (murs i empedrats), tallers participatius d&#8217;estructures de fusta i visites guiades al Museu de Camins de la Vall de Siarb.</p>



<p>Per a més informació, poseu-vos en contacte amb nosaltres.</p>
